 the third derivative of -6*g**2 - 7/120*g**6 + 1/6*g**3 + 1/8*g**4 + 0*g + 0 + 1/20*g**5. What is the tens digit of m(-2)?
6
Let k(p) = -185*p + 23. What is the hundreds digit of k(-3)?
5
Let s be ((-44)/(-3))/(4/6). What is the units digit of (-24)/(-16)*s/3?
1
Suppose -1088 - 1324 = -2*q. What is the hundreds digit of q?
2
Suppose -4*s = -2*h - 10207 + 1807, -s = -3*h - 2100. What is the units digit of s?
0
Suppose 8*b + 2*b = 1110. What is the hundreds digit of b?
1
Let s(d) be the third derivative of 73*d**5/60 + d**4/24 + d**3/6 + d**2. What is the tens digit of s(1)?
7
Let c be 741/(-52) + (-2)/(-8). What is the tens digit of 2/c + (-1265)/(-35)?
3
Let u be (-10)/45 - (-168)/27. Suppose u*h - 2*h = 284. What is the units digit of h?
1
Suppose -4*l = u - 370, -u + 370 = -0*l + l. What is the hundreds digit of u?
3
Let f = -228 - -322. Let o be 0 - (0 + 1) - -1. Suppose 4*z = -2*k + f + 52, o = -5*z + 3*k + 155. What is the units digit of z?
4
Let b(a) be the first derivative of 2*a**3/3 + 3*a**2/2 + 18*a + 27. Let z be 16/(-2) + (1 - -1). What is the units digit of b(z)?
2
Suppose 5*i - 109 = 16. Suppose 0*c - c = 6. Let j = c + i. What is the units digit of j?
9
Let i(b) = -b**2 + 3*b - 2. Let g be i(3). Let d be ((-6)/g)/(9 - 8). Suppose -3*l = 2*j - 96, d*j + 2*j = -3*l + 105. What is the tens digit of l?
3
Suppose -40*n = -34*n - 4194. What is the hundreds digit of n?
6
Let b(f) = 50*f**2 + 37*f + 68. What is the hundreds digit of b(-8)?
9
Let y = 1629 - 912. What is the hundreds digit of y?
7
Let j = -283 + 1846. What is the units digit of j?
3
Let v(f) = f**3 - 4*f**2 - f - 2. Let y be v(4). Let b = -1 - y. Suppose -b*j = -2*j - 60. What is the units digit of j?
0
Let t(m) be the second derivative of m**4/3 + m**3/3 - 2*m. Suppose 6 = 5*v - 2*v. What is the units digit of t(v)?
0
Let l = 81 - 48. Let u be l/(-6)*(-4)/2. Suppose x = -v + u, 4*x = -2*v - v + 29. What is the tens digit of v?
1
Let x = 66 - 62. Suppose -x*o + 17*o - 273 = 0. What is the tens digit of o?
2
Let w be -1*(-2 + -1) - -184. Suppose -5*n = 4*p - w, -5*n = 2*p - 3*p + 53. What is the tens digit of p?
4
Let g(b) = b - 3. Let y be g(7). Let f be 31/2*(3 - -1). Suppose 0 = -y*t - f + 198. What is the units digit of t?
4
Let h = 1106 - 713. What is the tens digit of h?
9
Let o(y) = -2184*y + 151. What is the hundreds digit of o(-2)?
5
Suppose -571 = -n + 3*b, 7*n = 12*n - 5*b - 2815. What is the units digit of n?
9
Suppose -j - y + 732 = 0, -2*y + 2928 = 20*j - 16*j. What is the units digit of j?
2
Suppose 0 = 3*q - k - 1714, -6*q + 1717 = -3*q - 4*k. What is the tens digit of q?
7
Suppose 0 = -3*p + 9*p - 12. Suppose 2*q + 0*g - 113 = 3*g, 0 = -q - p*g + 74. What is the tens digit of q?
6
Let q = 1147 - 12. What is the thousands digit of q?
1
Let u(j) = -j**2 - 13*j + 4. Let n be u(-12). Let w be (0 - 0)*(-8)/n. Suppose 2*g - 16 + w = 0. What is the units digit of g?
8
Let c(o) = -20*o**2 - o**3 - 12 + 4 + 18. What is the tens digit of c(-20)?
1
Let y(z) = -403*z + 80. What is the units digit of y(-8)?
4
Let h(l) = 2*l**3 - 26*l**2 + 8*l - 18. What is the tens digit of h(13)?
8
Let k be (-12 - -6)*494/(-3). Suppose 3*g - 6*g - 5*z = -k, -g + 316 = 5*z. What is the units digit of (g/(-18))/(2/(-3))?
8
Let s = -15 + 65. Let v = -49 + s. What is the units digit of v?
1
Suppose 107*i = 106*i + 976. What is the tens digit of i?
7
Suppose -53*a + 54*a + 2764 = 0. What is the tens digit of a/(-44) + (-4)/(-22)?
6
Suppose 15*a - 21244 + 2449 = 0. What is the units digit of a?
3
What is the units digit of (8992/(-24))/((-2)/3)?
2
Suppose y = 4*p - 555, -5*p + y = -360 - 333. Let j = 93 - p. Let b = -27 - j. What is the units digit of b?
8
Suppose 2*g - 6*g = -2*o + 28, o = 4*g + 4. Let c = 204 - o. What is the units digit of c?
0
Let i = -10 + 15. Let w(a) = a**3 - 5*a**2 + 2. Let c be w(i). What is the units digit of (-8)/12*(-9)/c?
3
Let n be (1 + -6)/((-7)/245). Suppose 0 = -4*d + n + 153. What is the tens digit of d?
8
Let g = -42 - -46. Let x(p) = 15*p + 3. What is the units digit of x(g)?
3
Let l(z) = -z**2 + 12*z + 5. Let f be l(12). Suppose 4*i = 4*x - 8, 3*i + f*x = -16 - 14. Let d = i - -26. What is the tens digit of d?
2
Let p = 2049 + -1005. What is the thousands digit of p?
1
Let s = -3836 + 6769. What is the hundreds digit of s?
9
What is the tens digit of (216/(-324))/(2/(-1734))?
7
Let v = 10 - 6. Suppose v*t = 2*l - 11 + 5, 4*l - 5 = t. Let q = 10 - t. What is the units digit of q?
1
Let o = -49 - -50. What is the units digit of -1*123*o/(-3)?
1
Let n(v) = 2*v**3 + 31*v**2 + 14*v - 10. Let f be n(-15). Suppose f*u = 10*u - 685. What is the tens digit of u?
3
Let y be ((-6)/(-5))/((-18)/(-60)). Let d(z) = 3*z + 10. Let s(b) = -b - 1. Let x(n) = y*s(n) + 2*d(n). What is the units digit of x(0)?
6
Suppose 4*l + 152 - 2624 = 0. What is the units digit of l?
8
Suppose 0 = f + f - 10. Suppose o - 5*z = -2*o - 17, f*o - 13 = -2*z. What is the units digit of (0/3)/o + 19?
9
Suppose 12 + 183 = 3*n. Let f = 113 - n. What is the tens digit of f?
4
Suppose -194 = 8*b - 1090. Let c = b + -57. What is the units digit of c?
5
What is the hundreds digit of (5/7)/(-5) + (-11625)/(-35)?
3
Let i = 35 - 2. Let q(t) = -t**3 - t**2 + 2*t - 17. Let d be q(0). Let v = i + d. What is the units digit of v?
6
Let r(p) = 33*p**2 - 5*p + 10. Let i be r(-4). What is the units digit of 4/(-20) + i/15?
7
Suppose 7032 = -30*s + 42*s. What is the units digit of s?
6
Let n(h) = h**2 + 5*h - 2. Let t be n(8). Let k = -70 + t. What is the tens digit of k?
3
Let c be (0 + 12/5)*-15. Let p = -28 - c. Suppose 140 = 2*b + 4*v + v, -2*v = -p. What is the units digit of b?
0
Let b be 0 + 4 + 10*1062/90. Let h(f) = -2*f**3 - 2*f**2 + 3*f + 3. Let n be h(-2). Suppose -b = n*z - 7*z. What is the units digit of z?
1
What is the units digit of 1/(-1)*-3326*17/34?
3
Let d(q) = -5*q**2 - 4 + 7 + 8*q**2. Let s = -21 - -24. What is the units digit of d(s)?
0
Suppose 7*l + s - 29 = 3*l, 4*l - 5*s - 47 = 0. Suppose l*f = 5*f + 123. Let i = f + -20. What is the tens digit of i?
2
What is the tens digit of (8/1)/(-32) - 633/(-4)?
5
Let l(u) = 7*u + 132. Suppose 0 = -7*b + 2*b. What is the units digit of l(b)?
2
Suppose -78 = -3*m - 3*m. What is the units digit of m?
3
Let w(g) = 3*g**2 + 3*g + 80. What is the units digit of w(13)?
6
Let w(f) = 8*f + 7. Let m(a) = a + 2. Let r be 6 + (-3 - 0) + 2. Let k be m(r). What is the tens digit of w(k)?
6
Let d = -8 - -8. Suppose -82 = -3*o - 22. Suppose -z + o - 3 = d. What is the units digit of z?
7
Let c = -567 + 567. Suppose -3*o = -5*h + 13, -8 = -4*h + 4*o + 4. Suppose 0 = 5*v + h - 12, c = -5*t - 4*v + 33. What is the units digit of t?
5
Let v = -679 + 683. Suppose -4*p - 63 = -7*p. Suppose 2*r - 2*x = 34, -3*r + v*r + 3*x = p. What is the units digit of r?
8
Suppose 0 = -5*s - 15, -s = c - 4*c + 60. Let q(i) = -5 - c*i + 35*i - 15*i. What is the units digit of q(8)?
3
Let u(c) = -c**3 - c**2 + c - 234. Let w be u(0). Let h be w/(-14) - 6/(-21). Let y = h - 14. What is the units digit of y?
3
Let u = 44 - -248. What is the hundreds digit of u?
2
Let n(b) be the third derivative of 25*b**4/24 - b**3 + 9*b**2. What is the units digit of n(2)?
4
Let c = -568 + 1025. What is the hundreds digit of c?
4
Let v(x) = -x**3 - x**2 + x + 2. Suppose -4*t + 6 + 10 = 0. Suppose -4*r = -2*d - 2, t*r = 5*d - 2 + 13. What is the tens digit of v(d)?
1
Let q be 6 + 3/(9/3). Suppose 486 = q*m - 1740. What is the tens digit of m?
1
Let l(x) = -x + 6. Let w be l(-8). Let p = -18 + w. What is the units digit of 34/10 - p/(-10)?
3
Suppose y - 2*s = 13, -52 = -4*y + 6*s - 3*s. What is the tens digit of y?
1
Suppose -2*p - 4*a - 70 = p, a = -4. Let x = 79 + p. What is the tens digit of x?
6
Let r = 174 + -117. Suppose 0 = -c + 2*c - r. What is the tens digit of c?
5
Suppose 0 = -r - 0*r - 48. Let l be 1194/(-3)*2*-2. What is the tens digit of (-1)/6 - l/r?
3
Suppose -5*r + 2017 - 467 = 0. Let u = -175 + r. What is the units digit of u?
5
Suppose -54721 = -25*c + 60354. What is the units digit of c?
3
Let a(d) = d**3 - 14*d**2 - 12*d + 44. What is the tens digit of a(15)?
8
Let j(o) = -o**3 - 23*o**2 + 23*o + 19. Suppose -2*w - 7*w - 216 = 0. What is the tens digit of j(w)?
4
Suppose -